 in base 9?
3
Convert -92 (base 16) to base 4.
-2102
-100 (base 6) to base 11
-33
-1 (base 6) to base 5
-1
Convert 10 (base 6) to base 11.
6
2 (base 8) to base 4
2
Convert 6 (base 10) to base 15.
6
What is -4 (base 13) in base 7?
-4
210 (base 5) to base 11
50
315 (base 9) to base 4
10001
What is -91 (base 16) in base 6?
-401
Convert 6 (base 9) to base 14.
6
Convert -4 (base 10) to base 13.
-4
Convert 20 (base 4) to base 8.
10
What is -2 (base 15) in base 16?
-2
7 (base 16) to base 12
7
What is 3 (base 7) in base 5?
3
What is 2 (base 11) in base 7?
2
Convert -5 (base 8) to base 3.
-12
-2 (base 11) to base 13
-2
Convert -460 (base 7) to base 6.
-1034
Convert -10 (base 2) to base 16.
-2
Convert 21 (base 5) to base 14.
b
Convert -15 (base 9) to base 7.
-20
-20 (base 6) to base 3
-110
Convert -31 (base 4) to base 11.
-12
What is 0 (base 14) in base 16?
0
2b (base 16) to base 9
47
Convert -44 (base 8) to base 3.
-1100
-6 (base 7) to base 2
-110
Convert 1 (base 13) to base 2.
1
Convert 57 (base 11) to base 5.
222
13 (base 9) to base 5
22
Convert -8a (base 15) to base 9.
-154
-1 (base 16) to base 8
-1
Convert -3 (base 6) to base 15.
-3
What is 1c (base 15) in base 5?
102
Convert 1 (base 10) to base 14.
1
What is -2 (base 3) in base 11?
-2
41 (base 6) to base 12
21
Convert 200 (base 10) to base 6.
532
What is 45 (base 14) in base 2?
111101
Convert -472 (base 8) to base 9.
-378
What is 231 (base 7) in base 3?
11110
Convert 260 (base 7) to base 2.
10001100
What is -7 (base 11) in base 15?
-7
What is -4 (base 9) in base 6?
-4
-10001100 (base 2) to base 16
-8c
Convert -4 (base 8) to base 6.
-4
What is -306 (base 9) in base 5?
-1444
-24 (base 11) to base 14
-1c
203 (base 4) to base 2
100011
-3 (base 7) to base 11
-3
What is -16 (base 8) in base 2?
-1110
What is -1032 (base 5) in base 13?
-ac
What is -1 (base 13) in base 4?
-1
What is -42 (base 15) in base 10?
-62
What is -23 (base 7) in base 9?
-18
What is 11 (base 2) in base 14?
3
Convert -6 (base 7) to base 2.
-110
What is 78 (base 10) in base 6?
210
What is -8 (base 13) in base 7?
-11
What is 4 (base 15) in base 12?
4
What is 10 (base 4) in base 10?
4
-1 (base 11) to base 14
-1
153 (base 8) to base 14
79
What is 3 (base 8) in base 12?
3
-1121 (base 3) to base 5
-133
-6 (base 15) to base 5
-11
-110 (base 2) to base 4
-12
What is 1 (base 12) in base 8?
1
1 (base 12) to base 13
1
1 (base 14) to base 8
1
What is -18 (base 11) in base 12?
-17
Convert 41 (base 7) to base 2.
11101
-100002 (base 3) to base 5
-1440
4 (base 6) to base 15
4
-101 (base 5) to base 16
-1a
Convert 11 (base 2) to base 14.
3
Convert 112 (base 7) to base 8.
72
Convert -3 (base 15) to base 5.
-3
Convert 4 (base 5) to base 11.
4
Convert -11 (base 7) to base 10.
-8
3 (base 4) to base 9
3
Convert -112 (base 4) to base 13.
-19
What is -2 (base 7) in base 15?
-2
Convert -5 (base 6) to base 3.
-12
aa (base 14) to base 8
226
What is 3 (base 15) in base 14?
3
What is 17 (base 10) in base 11?
16
What is -111 (base 2) in base 13?
-7
Convert 0 (base 8) to base 7.
0
What is -1 (base 3) in base 6?
-1
What is -1 (base 2) in base 13?
-1
-101 (base 4) to base 5
-32
Convert -11 (base 6) to base 14.
-7
Convert 1 (base 16) to base 2.
1
What is 1 (base 6) in base 16?
1
What is 29 (base 15) in base 14?
2b
Convert -43 (base 5) to base 13.
-1a
Convert -57 (base 9) to base 5.
-202
Convert 29 (base 14) to base 12.
31
41 (base 7) to base 4
131
20 (base 5) to base 16
a
Convert 1a3 (base 11) to base 8.
352
What is 1 (base 2) in base 10?
1
What is 11030 (base 4) in base 13?
1c7
Convert 5 (base 11) to base 14.
5
-3 (base 9) to base 2
-11
8 (base 14) to base 9
8
What is 62 (base 8) in base 16?
32
-22 (base 10) to base 6
-34
6 (base 14) to base 10
6
Convert 11110 (base 2) to base 5.
110
Convert -4 (base 11) to base 12.
-4
What is -12 (base 3) in base 8?
-5
101 (base 13) to base 2
10101010
Convert 11 (base 11) to base 10.
12
Convert -1 (base 16) to base 2.
-1
-1 (base 11) to base 13
-1
-102 (base 4) to base 3
-200
311 (base 5) to base 10
81
Convert 102220 (base 3) to base 4.
11001
-4e (base 16) to base 11
-71
Convert -12 (base 13) to base 12.
-13
What is 2 (base 13) in base 3?
2
What is 34 (base 9) in base 16?
1f
What is -2 (base 16) in base 5?
-2
-212 (base 3) to base 2
-10111
What is -11001000 (base 2) in base 8?
-310
Convert -4 (base 15) to base 11.
-4
Convert 80 (base 12) to base 7.
165
-36 (base 13) to base 16
-2d
What is -2110 (base 3) in base 4?
-1002
0 (base 6) to base 4
0
Convert 221 (base 8) to base 15.
9a
-14 (base 5) to base 12
-9
3 (base 7) to base 4
3
-9 (base 11) to base 5
-14
What is -102 (base 3) in base 14?
-b
Convert 1a (base 13) to base 2.
10111
Convert -60 (base 13) to base 3.
-2220
What is 100 (base 2) in base 15?
4
-3 (base 16) to base 12
-3
-23 (base 10) to base 15
-18
What is 2 (base 15) in base 11?
2
What is 3 (base 9) in base 4?
3
1 (base 10) to base 11
1
Convert 1 (base 4) to base 6.
1
15 (base 7) to base 4
30
Convert -4 (base 8) to base 15.
-4
What is -1 (base 8) in base 11?
-1
What is 1 (base 10) in base 11?
1
What is 50 (base 11) in base 14?
3d
Convert -1 (base 8) to base 14.
-1
Convert 8 (base 14) to base 11.
8
What is 10 (base 6) in base 3?
20
Convert -8 (base 14) to base 7.
-11
-4 (base 11) to base 4
-10
What is -1 (base 10) in base 3?
-1
What is b (base 15) in base 9?
12
b (base 16) to base 4
23
Convert 2 (base 9) to base 16.
2
Convert -29 (base 16) to base 11.
-38
11 (base 3) to base 6
4
Convert -12 (base 4) to base 2.
-110
What is 146 (base 7) in base 12?
6b
Convert 16 (base 10) to base 16.
10
What is -11 (base 11) in base 12?
-10
Convert -2 (base 3) to base 6.
-2
What is 7 (base 9) in base 15?
7
Convert -6 (base 9) to base 10.
-6
Convert -27 (base 11) to base 4.
-131
What is 86 (base 12) in base 7?
204
-a (base 15) to base 6
-14
-10 (base 3) to base 16
-3
What is -2 (base 13) in base 5?
-2
Convert 67 (base 8) to base 16.
37
-13 (base 14) to base 5
-32
Convert -17 (base 9) to base 12.
-14
What is -3 (base 15) in base 5?
-3
2 (base 9) to base 7
2
Convert -11 (base 2) to base 3.
-10
What is -1 (base 6) in base 8?
-1
-11 (base 3) to base 6
-4
What is 21 (base 7) in base 5?
30
What is -3 (base 11) in base 2?
-11
What is -3 (base 7) in base 5?
-3
-4 (base 16) to base 12
-4
Convert -9 (base 16) to base 11.
-9
-204 (base 11) to base 6
-1050
0 (base 15) to base 12
0
33 (base 15) to base 11
44
What is 0 (base 7) in base 12?
0
What is 32 (base 8) in base 7?
35
Convert -54 (base 12) to base 5.
-224
Convert 1 (base 11) to base 16.
1
Convert 112 (base 5) to base 6.
52
What is -273 (base 10) in base 11?
-229
Convert -7 (base 15) to base 9.
-7
Convert 51 (base 8) to base 14.
2d
-4 (base 15) to base 2
-100
Convert -1000 (base 2) to base 4.
-20
What is 101 (base 7) in base 2?
110010
What is 44 (base 13) in base 7?
110
Convert 1211 (base 3) to base 6.
121
Convert 53 (base 8) to base 4.
223
Convert 0 (base 10) to base 12.
0
Convert -7 (base 9) to base 2.
-111
Convert a (base 14) to base 5.
20
Convert 0 (base 13) to base 9.
0
What is -323 (base 4) in base 2?
-111011
What is 80 (base 15) in base 3?
11110
28 (base 11) to base 13
24
-11 (base 3) to base 15
-4
11 (base 9) to base 8
12
Convert -52 (base 10) to base 7.
-103
What is 0 (base 3) in base 13?
0
Convert -14 (base 5) to base 12.
-9
-11010 (base 2) to base 7
-35
Convert -10 (base 2) to base 3.
-2
What is 37 (base 13) in base 12?
3a
What is 12 (base 3) in base 9?
5
What is -4 (base 11) in base 16?
-4
12 (base 5) to base 6
11
What is 24 (base 14) in base 9?
35
What is -d (base 14) in base 4?
-31
-307 (base 11) to base 7
-1036
Convert -11 (base 4) to base 5.
-10
Convert -2 (base 10) to base 15.
-2
-1143 (base 6) to base 11
-234
11 (base 6) to base 3
21
What is 12 (base 5) in base 15?
7
What is 354 (base 7) in base 4?
2322
What is 3102 (base 4) in base 13?
132
What is 0 (base 13) in base 2?
0
Convert -33 (base 6) to base 3.
-210
Convert -63 (base 7) to base 5.
-140
-8 (base 14) to base 11
-8
Convert -11 (base 8) to base 13.
-9
Convert -26 (base 10) to base 16.
-1a
What is -1000111 (base 2) in base 13?
-56
Convert 4 (base 16) to base 6.
4
Convert -131 (base 4) to base 13.
-23
What is -1 (base 14) in base 3?
-1
Convert 7 (base 14) to base 13.
7
What is 17 (base 8) in base 7?
21
What is -26 (base 9) in b